*f**2 + 96*f + 50. Determine d(-7).
15
Let y(h) = -13*h - 26. Calculate y(-11).
117
Let f(j) = -j**3 - 37*j**2 + 35*j - 13. Calculate f(-38).
101
Let f(h) = -4*h**3 - 12*h**2 - 4*h + 4. What is f(-3)?
16
Let u(v) = 3*v**3 + 71*v**2 + 149*v - 399. Calculate u(-21).
0
Let f(g) = -95*g**2 - 83*g + 12. Determine f(-1).
0
Let d(j) = -j**3 - 40*j**2 + j + 8. What is d(-40)?
-32
Let x(l) = l**3 - 90*l**2 + 87*l + 101. What is x(89)?
-77
Let r(q) = -146*q + 1014. What is r(7)?
-8
Let t(x) = -110*x**2 + 986*x + 35. What is t(9)?
-1
Let d(b) = -14*b + 311. What is d(28)?
-81
Let s(h) = -h**3 - 8*h**2 + 192*h + 1653. Give s(-9).
6
Let b(o) = -16*o + 258. Determine b(6).
162
Let a(c) = 36*c - 444. Determine a(24).
420
Let h(k) = 2*k**3 - 5*k**2 + 50*k - 45. What is h(1)?
2
Let t(q) = 31*q - 11. Determine t(11).
330
Let u(p) = 438*p + 2307. Determine u(-5).
117
Let a(n) = -62*n**2 + 6*n + 1. What is a(1)?
-55
Let a(d) = 2*d**3 + 14*d**2 + 13*d - 5. What is a(-5)?
30
Let h(m) = m**3 - 56*m**2 + 129*m - 1138. Calculate h(54).
-4
Let r(p) = 5*p**2 - 32*p - 24. What is r(7)?
-3
Let u(z) = -23*z + 268. Give u(18).
-146
Let y(n) = -47*n - 104. Calculate y(-6).
178
Let a(u) = 4*u**3 + 53*u**2 + 6*u - 98. Give a(-13).
-7
Let x(r) = r**3 - 6*r**2 - 301*r + 2054. Calculate x(7).
-4
Let a(i) = i**2 - 36*i - 2924. Determine a(-39).
1
Let c(j) = -237*j**2 + 259*j + 2. Determine c(1).
24
Let o(z) = z**3 + 150*z**2 - 463*z + 5. Give o(3).
-7
Let w(j) = -j**2 + 43*j + 1909. Calculate w(-29).
-179
Let b(v) = 3*v**2 + 57*v - 68. Give b(-20).
-8
Let x(g) = -4*g**2 + 130*g + 558. Determine x(-4).
-26
Let q(j) = 2*j**2 - 145*j + 1771. What is q(57)?
4
Let j(s) = -4*s - 38. Calculate j(-13).
14
Let m(f) = 5*f + 148. What is m(-32)?
-12
Let n(w) = -w**3 - 52*w**2 - 97*w - 78. Calculate n(-50).
-228
Let f(y) = 29*y - 1391. Determine f(48).
1
Let b(u) = -31*u + 233. Determine b(8).
-15
Let f(o) = 4*o**3 - 22*o**2 - 107*o + 576. Give f(6).
6
Let l(d) = -30*d - 967. Give l(-26).
-187
Let r(v) = -2*v**2 - 71*v - 574. Calculate r(-14).
28
Let p(w) = 68*w - 5918. Give p(87).
-2
Let r(n) = -2*n**2 - 235*n + 2801. Determine r(11).
-26
Let b(z) = -z**3 - 7*z**2 - 21*z - 26. Give b(-3).
1
Let u(w) = 53*w**2 - 638*w + 26. What is u(12)?
2
Let i(o) = -32*o + 7. Calculate i(-1).
39
Let h(v) = 20*v - 165. Calculate h(11).
55
Let j(z) = -2*z**2 + 1326*z - 15650. Determine j(12).
-26
Let g(o) = 110*o**2 - 800*o + 220. Calculate g(7).
10
Let c(n) = n**3 - 12*n**2 + 18*n + 11. Calculate c(8).
-101
Let y(z) = -147*z**3 + 590*z**2 - 11*z - 7. Give y(4).
-19
Let b(x) = 7*x**2 + 214*x - 81. What is b(-32)?
239
Let j(u) = -u**3 - 4*u**2 + 66*u + 195. Calculate j(-9).
6
Let o(z) = -338*z - 1370. What is o(-4)?
-18
Let h(f) = 10*f**3 - 7*f**2 - 2*f + 96. Calculate h(4).
616
Let j(t) = 20*t + 170. Calculate j(-11).
-50
Let z(a) = -5*a**2 + 19*a - 71. Determine z(7).
-183
Let a(p) = -30*p**2 + 12*p - 15. Determine a(2).
-111
Let x(c) = -474*c + 937. Determine x(2).
-11
Let l(g) = g**3 + 7*g**2 - 163*g - 1244. Give l(-8).
-4
Let i(b) = b**3 - 61*b**2 + 56*b + 207. Determine i(60).
-33
Let r(u) = -u**3 + 18*u**2 + 73*u - 1030. What is r(19)?
-4
Let i(y) = y**3 - 60*y**2 + 173*y - 169. Give i(57).
-55
Let v(n) = 12*n**3 + 50*n**2 + 4*n + 37. Calculate v(-4).
53
Let h(w) = 2*w**2 - 66*w + 202. Calculate h(30).
22
Let o(n) = -374*n - 569. Calculate o(-3).
553
Let s(r) = -14*r**2 + 33*r - 111. Calculate s(3).
-138
Let a(r) = -r**2 - 1376*r + 11031. Determine a(8).
-41
Let q(c) = 23*c**2 - 441*c + 88. Calculate q(19).
12
Let h(y) = y**2 + 76*y + 264. Determine h(-74).
116
Let a(i) = -8*i**2 + 40*i + 144. Calculate a(8).
-48
Let q(k) = k**2 - 249*k + 6378. Determine q(29).
-2
Let o(t) = -63*t - 190. What is o(-3)?
-1
Let v(o) = 2*o**2 + 39*o - 245. Give v(5).
0
Let l(z) = 21*z + 1524. Determine l(-70).
54
Let p(b) = 3*b**2 - 170*b - 4695. Calculate p(77).
2
Let i(u) = u**3 - 21*u**2 + 51*u + 200. Calculate i(18).
146
Let y(n) = -n**3 - 157*n**2 - 3193*n - 93. Determine y(-133).
40
Let y(z) = -51*z**2 + 8*z - 13. Give y(2).
-201
Let j(v) = -23*v**2 - 4*v + 2. What is j(-3)?
-193
Let l(x) = -x**3 - 49*x**2 + 104*x + 86. Determine l(-51).
-16
Let m(h) = -1395*h + 48819. What is m(35)?
-6
Let i(s) = 98*s - 1082. What is i(11)?
-4
Let b(w) = -197*w + 1971. What is b(10)?
1
Let m(j) = -j**3 - 13*j**2 + j + 294. Calculate m(-10).
-16
Let h(m) = -m**3 - m**2 + 73*m - 143. Determine h(2).
-9
Let z(n) = 3*n + 121. Determine z(10).
151
Let w(u) = 11*u**2 + 24*u + 57. Calculate w(-2).
53
Let w(i) = 9*i + 62. Calculate w(-7).
-1
Let u(c) = c**2 - 72*c + 810. Determine u(15).
-45
Let y(k) = k**2 - 24*k - 761. Calculate y(42).
-5
Let x(u) = -13*u**2 + 2231*u + 886. Calculate x(172).
26
Let d(b) = 4*b - 612. What is d(41)?
-448
Let l(u) = 91*u - 341. Give l(3).
-68
Let z(p) = -p**2 + 76*p - 1413. Give z(51).
-138
Let q(n) = 151*n - 772. Calculate q(5).
-17
Let f(k) = -144*k**3 + 721*k**2 - 11*k + 45. Give f(5).
15
Let y(j) = -9*j + 172. Calculate y(22).
-26
Let d(q) = -211*q - 964. Calculate d(-4).
-120
Let h(u) = -u + 36. Calculate h(-12).
48
Let s(b) = 3*b - 104. What is s(48)?
40
Let v(q) = 3*q**2 + 3*q + 12. Determine v(3).
48
Let s(g) = -53*g**2 + 199*g + 64. Calculate s(4).
12
Let i(w) = 28*w + 741. Determine i(-49).
-631
Let j(r) = 32*r**2 + 17*r + 16. Determine j(-4).
460
Let s(i) = 15*i - 195. Calculate s(41).
420
Let x(i) = -i**2 - 108*i - 2758. What is x(-42)?
14
Let a(y) = y**3 - 8*y**2 + 11*y - 10. What is a(0)?
-10
Let c(l) = -l**3 - 22*l**2 + 1040*l + 231. Determine c(-45).
6
Let o(h) = h**3 + 15*h**2 - 325*h - 32. Determine o(-27).
-5
Let c(y) = -1006*y - 40233. Calculate c(-40).
7
Let c(o) = -o**3 - 66*o**2 + 36*o - 2078. Determine c(-67).
-1
Let q(y) = 5*y**3 + 25*y**2 - 516*y + 51. What is q(-13)?
-1
Let x(g) = 938*g - 9332. Determine x(10).
48
Let x(h) = 81*h + 1200. Determine x(-20).
-420
Let t(x) = 58*x - 888. Calculate t(31).
910
Let x(k) = 3*k**2 + 33*k + 28. What is x(-9)?
-26
Let s(d) = -5*d + 19. Calculate s(-1).
24
Let v(x) = x**3 + 36*x**2 - 47*x - 402. Calculate v(-37).
-32
Let h(a) = -a**2 - 23*a + 1191. Determine h(25).
-9
Let x(g) = g**2 + 32*g + 258. Calculate x(-9).
51
Let w(x) = -6*x**2 - 561*x - 862. What is w(-92)?
-34
Let p(x) = -2*x**3 - 5*x**2 + 61*x + 35. What is p(-7)?
49
Let s(q) = q**3 - 6*q**2 + 622*q - 3737. Determine s(6).
-5
Let h(v) = v**2 - 48*v + 135. Determine h(46).
43
Let x(d) = d**2 - 20*d - 204. Determine x(30).
96
Let c(x) = x**3 + x**2 - 48*x + 117. Give c(3).
9
Let l(i) = 32622*i + 65246. Give l(-2).
2
Let y(v) = -78*v - 1479. What is y(-19)?
3
Let n(x) = -82*x - 20. Calculate n(-1).
62
Let b(q) = 64*q - 216. Give b(3).
-24
Let t(b) = 16*b + 53. What is t(14)?
277
Let s(y) = 5361*y + 42893. Give s(-8).
5
Let q(c) = -3*c**2 + 276*c - 4. Give q(92).
-4
Let x(c) = -c**3 + 42*c**2 - 251*c + 37. Determine x(7).
-5
Let q(i) = 18*i - 68. Determine q(-2).
-104
Let f(z) = 62*z + 1174. Calculate f(-20).
-66
Let f(c) = 31*c**3 - 7*c**2 - 4*c - 10. Calculate f(-3).
-898
Let r(k) = -k**3 - 33*k**2 - 56*k + 268. What is r(-31)?
82
Let x(q) = 2*q**2 + 20*q - 71. Give x(-12).
-23
Let i(h) = 4*h**2 + 16*h. Calculate i(-8).
128
Let h(v) = -2351*v - 11754. Calculate h(-5).
1
Let x(z) = -114*z + 14371. Calculate x(126).
7
Let v(w) = w + 10. Calculate v(69).
79
Let r(n) = 101*n**2 + 53*n - 2. Calculate r(-1).
46
Let u(v) = -80*v**2 - 5197*v + 191. What is u(-65)?
-4
Let z(h) = 44*h - 921. Give z(14).
-305
Let b(j) = 2*j - 33. Determine b(15).
-3
Let y(h) = -4*h**2 - 18*h - 86. Give y(-6).
-122
Let p(x) = x**2 + 1074*x - 3229. Calculate p(3).
2
Let d(h) = -143*h + 1086. Calculate d(14).
-916
Let s(p) = p**3 - 34*p**2 - 81*p + 181. What is s(36)?
-143
Let h(f) = -78*f**2 - 558*f - 25. Determine h(-7).
59
Let i(p) = -p**3 - 4*p**2 + 155*p + 700. Determine i(-12).
-8
Let t(v) = 28*v - 298. Determine t(5).
-158
Let t(l) = -41*l - 2759. What is t(-68)?
29
Let o(w) = 6*w**2 + 461*w - 81. Calculate o(-77).
-4
Let k(o) = -12*o - 192. Calculate k(-20).
48
Let l(r) = -376*r + 14121. Give l(38).
-167
Let d(n) = -n**3 - 2*n**2 + 8*n - 221. Calculate d(0).
-221
Let m(t) = 22080*t - 66247. What is m(3)?
-7
Let x(b) = -5*b**2 + 47*b + 19. Give x(9).
37
Let h(x) = x**3 - 29*x**2 - 200*x - 115. Determine